{"id":4654,"date":"2025-09-22T15:11:39","date_gmt":"2025-09-22T13:11:39","guid":{"rendered":"https:\/\/enteka.fr\/?page_id=4654"},"modified":"2025-09-22T18:37:40","modified_gmt":"2025-09-22T16:37:40","slug":"arkolia","status":"publish","type":"page","link":"https:\/\/enteka.fr\/index.php\/arkolia\/","title":{"rendered":"Arkolia"},"content":{"rendered":"\t\t<div data-elementor-type=\"wp-page\" data-elementor-id=\"4654\" class=\"elementor elementor-4654\" data-elementor-post-type=\"page\">\n\t\t\t\t\t\t<section class=\"elementor-section elementor-top-section elementor-element elementor-element-7874b3d5 elementor-section-full_width elementor-section-stretched elementor-section-height-default elementor-section-height-default\" data-id=\"7874b3d5\" data-element_type=\"section\" data-e-type=\"section\" data-settings=\"{&quot;stretch_section&quot;:&quot;section-stretched&quot;,&quot;shape_divider_top&quot;:&quot;opacity-tilt&quot;}\">\n\t\t\t\t\t<div class=\"elementor-shape elementor-shape-top\" aria-hidden=\"true\" data-negative=\"false\">\n\t\t\t<svg xmlns=\"http:\/\/www.w3.org\/2000\/svg\" viewBox=\"0 0 2600 131.1\" preserveAspectRatio=\"none\">\n\t<path class=\"elementor-shape-fill\" d=\"M0 0L2600 0 2600 69.1 0 0z\"\/>\n\t<path class=\"elementor-shape-fill\" style=\"opacity:0.5\" d=\"M0 0L2600 0 2600 69.1 0 69.1z\"\/>\n\t<path class=\"elementor-shape-fill\" style=\"opacity:0.25\" d=\"M2600 0L0 0 0 130.1 2600 69.1z\"\/>\n<\/svg>\t\t<\/div>\n\t\t\t\t\t<div class=\"elementor-container elementor-column-gap-default\">\n\t\t\t\t\t<div class=\"elementor-column elementor-col-100 elementor-top-column elementor-element elementor-element-717f7ae3\" data-id=\"717f7ae3\" data-element_type=\"column\" data-e-type=\"column\">\n\t\t\t<div class=\"elementor-widget-wrap elementor-element-populated\">\n\t\t\t\t\t\t<div class=\"elementor-element elementor-element-34bd2b09 elementor-widget elementor-widget-image\" data-id=\"34bd2b09\" data-element_type=\"widget\" data-e-type=\"widget\" data-widget_type=\"image.default\">\n\t\t\t\t<div class=\"elementor-widget-container\">\n\t\t\t\t\t\t\t\t\t\t\t\t\t\t\t<img fetchpriority=\"high\" decoding=\"async\" width=\"800\" height=\"423\" src=\"https:\/\/enteka.fr\/wp-content\/uploads\/2025\/09\/solarzacbanniere.jpg\" class=\"attachment-full size-full wp-image-4674\" alt=\"\" srcset=\"https:\/\/enteka.fr\/wp-content\/uploads\/2025\/09\/solarzacbanniere.jpg 800w, https:\/\/enteka.fr\/wp-content\/uploads\/2025\/09\/solarzacbanniere-300x159.jpg 300w, https:\/\/enteka.fr\/wp-content\/uploads\/2025\/09\/solarzacbanniere-768x406.jpg 768w\" sizes=\"(max-width: 800px) 100vw, 800px\" \/>\t\t\t\t\t\t\t\t\t\t\t\t\t\t\t<\/div>\n\t\t\t\t<\/div>\n\t\t\t\t\t<\/div>\n\t\t<\/div>\n\t\t\t\t\t<\/div>\n\t\t<\/section>\n\t\t\t\t<section class=\"elementor-section elementor-top-section elementor-element elementor-element-2dcb7092 elementor-section-boxed elementor-section-height-default elementor-section-height-default\" data-id=\"2dcb7092\" data-element_type=\"section\" data-e-type=\"section\">\n\t\t\t\t\t\t<div class=\"elementor-container elementor-column-gap-default\">\n\t\t\t\t\t<div class=\"elementor-column elementor-col-50 elementor-top-column elementor-element elementor-element-6f47789c\" data-id=\"6f47789c\" data-element_type=\"column\" data-e-type=\"column\">\n\t\t\t<div class=\"elementor-widget-wrap elementor-element-populated\">\n\t\t\t\t\t\t<div class=\"elementor-element elementor-element-5f14ca28 elementor-widget elementor-widget-image\" data-id=\"5f14ca28\" data-element_type=\"widget\" data-e-type=\"widget\" data-widget_type=\"image.default\">\n\t\t\t\t<div class=\"elementor-widget-container\">\n\t\t\t\t\t\t\t\t\t\t\t\t\t\t\t<img decoding=\"async\" width=\"300\" height=\"300\" src=\"https:\/\/enteka.fr\/wp-content\/uploads\/2025\/09\/logoarkolia.jpg\" class=\"attachment-large size-large wp-image-4664\" alt=\"\" srcset=\"https:\/\/enteka.fr\/wp-content\/uploads\/2025\/09\/logoarkolia.jpg 300w, https:\/\/enteka.fr\/wp-content\/uploads\/2025\/09\/logoarkolia-150x150.jpg 150w\" sizes=\"(max-width: 300px) 100vw, 300px\" \/>\t\t\t\t\t\t\t\t\t\t\t\t\t\t\t<\/div>\n\t\t\t\t<\/div>\n\t\t\t\t<div class=\"elementor-element elementor-element-4401c25b elementor-widget elementor-widget-text-editor\" data-id=\"4401c25b\" data-element_type=\"widget\" data-e-type=\"widget\" data-widget_type=\"text-editor.default\">\n\t\t\t\t<div class=\"elementor-widget-container\">\n\t\t\t\t\t\t\t\t\t<p><em>Arkolia est un \u00e9nerg\u00e9ticien fran\u00e7ais sp\u00e9cialis\u00e9 dans la construction, la gestion et la maintenance d&rsquo;unit\u00e9s de production d&rsquo;\u00e9nergies renouvelables (photovolta\u00efque, \u00e9olien, m\u00e9thanisation). Son ambition est de d\u00e9mocratiser l&rsquo;acc\u00e8s des territoires ruraux \u00e0 l&rsquo;\u00e9nergie renouvelable dans l&rsquo;objectif d&rsquo;assurer leur autonomie \u00e9nerg\u00e9tique.\u00a0<\/em><\/p><p><i>Arkolia a conduit en 2021 une concertation sur le projet Solarzac, associant la construction d&rsquo;un par photovolta\u00efque de 150 hectares sur le plateau du Larzac \u00e0 la r\u00e9introduction d&rsquo;uen activit\u00e9 agropastorale traditionnelle (\u00e9levage de brebis). Cette concertation a \u00e9t\u00e9 engag\u00e9e \u00e0 la demande du ma\u00eetre d&rsquo;ouvrage dans un objectif de co-construction avec les acteurs du territoire larzacois.<\/i><\/p><p><i>A la demande de l&rsquo;agence Instititions &amp; Projets, organisatrice de cette concertation, Enteka a assur\u00e9 la conduite des projets \u00e9ditoriaux li\u00e9s \u00e0 la concertation.<\/i><\/p>\t\t\t\t\t\t\t\t<\/div>\n\t\t\t\t<\/div>\n\t\t\t\t<div class=\"elementor-element elementor-element-114bb37a elementor-widget elementor-widget-image\" data-id=\"114bb37a\" data-element_type=\"widget\" data-e-type=\"widget\" data-widget_type=\"image.default\">\n\t\t\t\t<div class=\"elementor-widget-container\">\n\t\t\t\t\t\t\t\t\t\t\t\t\t\t\t\t<a href=\"https:\/\/www.solarzac.fr\/wp-content\/uploads\/2024\/09\/arkolia-dossier-concertation-a4-bd.pdf\" target=\"_blank\">\n\t\t\t\t\t\t\t<img decoding=\"async\" width=\"485\" height=\"689\" src=\"https:\/\/enteka.fr\/wp-content\/uploads\/2025\/09\/DCSolarzac.jpg\" class=\"attachment-large size-large wp-image-4670\" alt=\"\" srcset=\"https:\/\/enteka.fr\/wp-content\/uploads\/2025\/09\/DCSolarzac.jpg 485w, https:\/\/enteka.fr\/wp-content\/uploads\/2025\/09\/DCSolarzac-211x300.jpg 211w\" sizes=\"(max-width: 485px) 100vw, 485px\" \/>\t\t\t\t\t\t\t\t<\/a>\n\t\t\t\t\t\t\t\t\t\t\t\t\t\t\t<\/div>\n\t\t\t\t<\/div>\n\t\t\t\t\t<\/div>\n\t\t<\/div>\n\t\t\t\t<div class=\"elementor-column elementor-col-50 elementor-top-column elementor-element elementor-element-20607c94\" data-id=\"20607c94\" data-element_type=\"column\" data-e-type=\"column\">\n\t\t\t<div class=\"elementor-widget-wrap elementor-element-populated\">\n\t\t\t\t\t\t<div class=\"elementor-element elementor-element-48d6d331 elementor-view-framed elementor-position-inline-start elementor-shape-circle elementor-mobile-position-block-start elementor-widget elementor-widget-icon-box\" data-id=\"48d6d331\" data-element_type=\"widget\" data-e-type=\"widget\" data-widget_type=\"icon-box.default\">\n\t\t\t\t<div class=\"elementor-widget-container\">\n\t\t\t\t\t\t\t<div class=\"elementor-icon-box-wrapper\">\n\n\t\t\t\t\t\t<div class=\"elementor-icon-box-icon\">\n\t\t\t\t<span  class=\"elementor-icon\">\n\t\t\t\t<i aria-hidden=\"true\" class=\"fas fa-feather-alt\"><\/i>\t\t\t\t<\/span>\n\t\t\t<\/div>\n\t\t\t\n\t\t\t\t\t\t<div class=\"elementor-icon-box-content\">\n\n\t\t\t\t\t\t\t\t\t<h3 class=\"elementor-icon-box-title\">\n\t\t\t\t\t\t<span  >\n\t\t\t\t\t\t\tConception d'outils de communication\t\t\t\t\t\t<\/span>\n\t\t\t\t\t<\/h3>\n\t\t\t\t\n\t\t\t\t\n\t\t\t<\/div>\n\t\t\t\n\t\t<\/div>\n\t\t\t\t\t\t<\/div>\n\t\t\t\t<\/div>\n\t\t\t\t<div class=\"elementor-element elementor-element-1efe7ab3 elementor-widget elementor-widget-text-editor\" data-id=\"1efe7ab3\" data-element_type=\"widget\" data-e-type=\"widget\" data-widget_type=\"text-editor.default\">\n\t\t\t\t<div class=\"elementor-widget-container\">\n\t\t\t\t\t\t\t\t\t<ul><li>Conception et r\u00e9daction des contenus du site Solarzac.fr<\/li><li>R\u00e9daction du<a href=\"https:\/\/www.solarzac.fr\/wp-content\/uploads\/2024\/09\/arkolia-dossier-concertation-a4-bd.pdf\" target=\"_blank\" rel=\"noopener\"> Dossier de concertation\u00a0<\/a><\/li><li>R\u00e9daction du <a href=\"https:\/\/www.solarzac.fr\/wp-content\/uploads\/2024\/09\/arkolia-plaquette-a4-v4.pdf\" target=\"_blank\" rel=\"noopener\">Compte-rendu du ma\u00eetre d&rsquo;ouvrage<\/a><\/li><li>Conception et r\u00e9daction de fiches th\u00e9matiques en soutien aux ateliers organis\u00e9s dans le cadre de la concertation.<\/li><li>Conception et r\u00e9daction du rapport RSE Arkolia 2024.<\/li><\/ul>\t\t\t\t\t\t\t\t<\/div>\n\t\t\t\t<\/div>\n\t\t\t\t\t<\/div>\n\t\t<\/div>\n\t\t\t\t\t<\/div>\n\t\t<\/section>\n\t\t\t\t<\/div>\n\t\t","protected":false},"excerpt":{"rendered":"<p>Arkolia est un \u00e9nerg\u00e9ticien fran\u00e7ais sp\u00e9cialis\u00e9 dans la construction, la gestion et la maintenance d&rsquo;unit\u00e9s de production d&rsquo;\u00e9nergies renouvelables (photovolta\u00efque, \u00e9olien, m\u00e9thanisation). Son ambition est de d\u00e9mocratiser l&rsquo;acc\u00e8s des territoires ruraux \u00e0 l&rsquo;\u00e9nergie renouvelable dans l&rsquo;objectif d&rsquo;assurer leur autonomie \u00e9nerg\u00e9tique.\u00a0 Arkolia a conduit en 2021 une concertation sur le projet Solarzac, associant la construction d&rsquo;un [&hellip;]<\/p>\n","protected":false},"author":1,"featured_media":0,"parent":0,"menu_order":0,"comment_status":"closed","ping_status":"closed","template":"","meta":{"ocean_post_layout":"","ocean_both_sidebars_style":"","ocean_both_sidebars_content_width":0,"ocean_both_sidebars_sidebars_width":0,"ocean_sidebar":"","ocean_second_sidebar":"","ocean_disable_margins":"enable","ocean_add_body_class":"","ocean_shortcode_before_top_bar":"","ocean_shortcode_after_top_bar":"","ocean_shortcode_before_header":"","ocean_shortcode_after_header":"","ocean_has_shortcode":"","ocean_shortcode_after_title":"","ocean_shortcode_before_footer_widgets":"","ocean_shortcode_after_footer_widgets":"","ocean_shortcode_before_footer_bottom":"","ocean_shortcode_after_footer_bottom":"","ocean_display_top_bar":"default","ocean_display_header":"default","ocean_header_style":"","ocean_center_header_left_menu":"","ocean_custom_header_template":"","ocean_custom_logo":0,"ocean_custom_retina_logo":0,"ocean_custom_logo_max_width":0,"ocean_custom_logo_tablet_max_width":0,"ocean_custom_logo_mobile_max_width":0,"ocean_custom_logo_max_height":0,"ocean_custom_logo_tablet_max_height":0,"ocean_custom_logo_mobile_max_height":0,"ocean_header_custom_menu":"","ocean_menu_typo_font_family":"","ocean_menu_typo_font_subset":"","ocean_menu_typo_font_size":0,"ocean_menu_typo_font_size_tablet":0,"ocean_menu_typo_font_size_mobile":0,"ocean_menu_typo_font_size_unit":"px","ocean_menu_typo_font_weight":"","ocean_menu_typo_font_weight_tablet":"","ocean_menu_typo_font_weight_mobile":"","ocean_menu_typo_transform":"","ocean_menu_typo_transform_tablet":"","ocean_menu_typo_transform_mobile":"","ocean_menu_typo_line_height":0,"ocean_menu_typo_line_height_tablet":0,"ocean_menu_typo_line_height_mobile":0,"ocean_menu_typo_line_height_unit":"","ocean_menu_typo_spacing":0,"ocean_menu_typo_spacing_tablet":0,"ocean_menu_typo_spacing_mobile":0,"ocean_menu_typo_spacing_unit":"","ocean_menu_link_color":"","ocean_menu_link_color_hover":"","ocean_menu_link_color_active":"","ocean_menu_link_background":"","ocean_menu_link_hover_background":"","ocean_menu_link_active_background":"","ocean_menu_social_links_bg":"","ocean_menu_social_hover_links_bg":"","ocean_menu_social_links_color":"","ocean_menu_social_hover_links_color":"","ocean_disable_title":"default","ocean_disable_heading":"default","ocean_post_title":"","ocean_post_subheading":"","ocean_post_title_style":"","ocean_post_title_background_color":"","ocean_post_title_background":0,"ocean_post_title_bg_image_position":"","ocean_post_title_bg_image_attachment":"","ocean_post_title_bg_image_repeat":"","ocean_post_title_bg_image_size":"","ocean_post_title_height":0,"ocean_post_title_bg_overlay":0.5,"ocean_post_title_bg_overlay_color":"","ocean_disable_breadcrumbs":"default","ocean_breadcrumbs_color":"","ocean_breadcrumbs_separator_color":"","ocean_breadcrumbs_links_color":"","ocean_breadcrumbs_links_hover_color":"","ocean_display_footer_widgets":"default","ocean_display_footer_bottom":"default","ocean_custom_footer_template":"","footnotes":""},"class_list":["post-4654","page","type-page","status-publish","hentry","entry"],"rttpg_featured_image_url":null,"rttpg_author":{"display_name":"Fr\u00e9d\u00e9ric","author_link":"https:\/\/enteka.fr\/index.php\/author\/admin2546\/"},"rttpg_comment":0,"rttpg_category":null,"rttpg_excerpt":"Arkolia est un \u00e9nerg\u00e9ticien fran\u00e7ais sp\u00e9cialis\u00e9 dans la construction, la gestion et la maintenance d&rsquo;unit\u00e9s de production d&rsquo;\u00e9nergies renouvelables (photovolta\u00efque, \u00e9olien, m\u00e9thanisation). Son ambition est de d\u00e9mocratiser l&rsquo;acc\u00e8s des territoires ruraux \u00e0 l&rsquo;\u00e9nergie renouvelable dans l&rsquo;objectif d&rsquo;assurer leur autonomie \u00e9nerg\u00e9tique.\u00a0 Arkolia a conduit en 2021 une concertation sur le projet Solarzac, associant la construction d&rsquo;un\u2026","_links":{"self":[{"href":"https:\/\/enteka.fr\/index.php\/wp-json\/wp\/v2\/pages\/4654","targetHints":{"allow":["GET"]}}],"collection":[{"href":"https:\/\/enteka.fr\/index.php\/wp-json\/wp\/v2\/pages"}],"about":[{"href":"https:\/\/enteka.fr\/index.php\/wp-json\/wp\/v2\/types\/page"}],"author":[{"embeddable":true,"href":"https:\/\/enteka.fr\/index.php\/wp-json\/wp\/v2\/users\/1"}],"replies":[{"embeddable":true,"href":"https:\/\/enteka.fr\/index.php\/wp-json\/wp\/v2\/comments?post=4654"}],"version-history":[{"count":10,"href":"https:\/\/enteka.fr\/index.php\/wp-json\/wp\/v2\/pages\/4654\/revisions"}],"predecessor-version":[{"id":4677,"href":"https:\/\/enteka.fr\/index.php\/wp-json\/wp\/v2\/pages\/4654\/revisions\/4677"}],"wp:attachment":[{"href":"https:\/\/enteka.fr\/index.php\/wp-json\/wp\/v2\/media?parent=4654"}],"curies":[{"name":"wp","href":"https:\/\/api.w.org\/{rel}","templated":true}]}}